+ 4 + -9)
-5
What is 9 - 24 - -2 - -10?
-3
What is -3 - (-2 - -2) - -2?
-1
What is the value of -12 - (-2 + 10 - 16)?
-4
Evaluate 3 - 3 - (-9 + 2) - 2.
5
What is the value of (-2 - (2 - 1)) + (3 - -6)?
6
Evaluate 6 + 6 + -6 - (10 - 4).
0
What is the value of -1 + 4 + -1 + 2?
4
Evaluate -20 + (-8 - -19) - -17.
8
What is 16 + -23 - (2 - (2 - -12))?
5
Evaluate (-5 - (-5 + 5)) + 7.
2
Calculate -9 + 12 + 7 + -7.
3
What is 6 + (-3 - (-5 - (-9 - -5)))?
4
Calculate 4 + -4 + 1 - -4.
5
Evaluate 1 - ((-1 - 1 - -2) + -4).
5
Calculate 4 + 5 + -5 - 5 - -4.
3
What is the value of -5 + (1 - 5) + 4 - -2?
-3
What is -1 + 0 + (23 - 22)?
0
What is the value of (4 - 4) + 3 + -1?
2
What is -1 - (3 + (-7 - 1) + 0)?
4
-5 - (4 - (17 - 5)) - -2
5
What is the value of 3 + -7 - (-3 + 2)?
-3
What is (-12 - -4) + (3 - -8)?
3
What is (1 - -3) + -8 + -3 + 12?
5
What is the value of (-11 + 6 - -7) + 6?
8
4 - (7 + 6 - 0)
-9
What is 7 + 0 + -3 + (-30 - -30)?
4
Calculate 9 + -19 - -14 - (2 + 1).
1
Evaluate (-4 + (-2 - -4) - 0) + 5.
3
What is 8 + -6 - (21 + -15)?
-4
What is 1 + -4 + 6 + -1?
2
What is 11 + 2 + -11 + -5?
-3
-2 + 5 + -5 + 3
1
(0 - 1 - (10 + -9)) + -2
-4
What is (-6 - (3 + -9)) + -1 + -2?
-3
What is the value of -6 - (-11 + -14 + 12)?
7
What is (0 - (-2 + 2 + 8)) + 3?
-5
What is the value of 0 - (-10 + 5 + 2)?
3
Calculate -2 - 2 - (2 + 0 + -3).
-3
Calculate 1 - (8 - 5) - 0 - -6.
4
11 + (-10 - -7) + -6 + 2
4
Calculate -2 + 6 + -2 - (2 + 4).
-4
What is the value of 3 - 6 - (-1 - 1) - 4?
-5
Evaluate -1 + (-1 - (-5 - -3)).
0
What is the value of -2 + 2 + (-2 - -2)?
0
What is (-1 - (12 - 6)) + 3?
-4
What is 5 - (12 + 1 + -5 + 3)?
-6
What is 3 + -5 + 7 + -4 + -5?
-4
What is 1 + (4 - 2) + -3 + 0?
0
What is (-9 - -3) + (1 - -7)?
2
(-5 - (4 - 12)) + -4
-1
4 + (5 - 13) - (3 + -2)
-5
Calculate 34 - 34 - (-2 + 4).
-2
16 + -4 + -5 - 3
4
Calculate -3 - -2 - (-1 + 2).
-2
What is the value of 0 + 2 - 2 - (33 + -32)?
-1
Calculate 3 - (1 + 6 + (-1 - -1)).
-4
Calculate 13 + -7 + -3 - 5.
-2
Evaluate -1 - (-2 + -9 + -1 + 6).
5
Calculate -3 + -7 + 2 + 7.
-1
5 + 0 + (-1 - 0)
4
Calculate 1 - -7 - (-69 - -74).
3
Calculate 0 + -6 + 3 + (-2 - -7).
2
Calculate 1 - (6 - 1) - -7.
3
Calculate -6 + 1 + 2 + -2.
-5
Evaluate (6 - -4) + -6 + -4.
0
Calculate 14 - 3 - (5 - -2).
4
(1 - 3) + (0 - -5)
3
What is the value of 45 - 51 - (-1 + 0 - 2)?
-3
What is -2 + 3 - (10 - 11)?
2
What is the value of (1 - 5) + (9 - 3)?
2
-4 + -5 + (3 - -13)
7
Calculate 4 + (0 - ((-4 - -13) + -5)).
0
Calculate 5 + (-9 - -5) - (1 - 1).
1
(-17 - -13) + -1 + -1
-6
Evaluate -4 - (-2 + -3 + (1 - 0)).
0
Evaluate (2 - -3) + -1 + (0 - 5).
-1
14 + 0 + 0 + -8
6
Calculate 2 - (11 - 8 - (1 - 3)).
-3
-2 - (1 - (-3 + -1) - 4)
-3
2 + -10 - 3 - -7
-4
What is -5 + 7 - (2 + 0)?
0
7 + 7 + -28 - (-2 + -4)
-8
Calculate 9 - (1 + -13 + 12).
9
What is the value of (-2 - 2) + 0 + (16 - 19)?
-7
Calculate 1 + -3 - (-4 + 3).
-1
What is the value of -14 + 16 + -2 + -4 - -6?
2
-7 + 6 + 1 - 5
-5
-2 - ((-5 - -3) + -7)
7
What is -3 + -9 + 12 - 5?
-5
Evaluate -7 - -1 - -15 - 8.
1
Evaluate -2 + 1 + -2 + 6.
3
Evaluate -2 - ((3 - 6) + 0 + 0).
1
2 - (-3 + 4 + 1)
0
1 + (-3 - -3) + 2
3
Calculate -1 + -8 + (19 + -1 - 7).
2
What is the value of -11 + (19 - 13) + (-2 - -1)?
-6
Calculate -3 + (-2 - -5) + -1 + -1.
-2
Calculate (2 - 1) + -1 + -3 - -8.
5
Evaluate 8 + (-7 - 3) + 4.
2
Evaluate (-7 - -2) + (-16 - -12).
-9
What is -2 - (1 + -3) - 0?
0
What is 3 + 12 - 1 - (-15 + 21)?
8
What is 6 + -1 - (0 - -2)?
3
What is 1 + 6 - (3 + -1) - -5?
10
Calculate (-6 - -5) + 1 - (3 - 0).
-3
Calculate (-2 - (-2 + 3)) + (-1 - -4).
0
(11 - 6 - 2) + -6
-3
What is 0 + -1 + 3 + 1 + -8?
-5
What is the value of -4 + (-1 - -7) + 1?
3
What is 1 + -3 + (11 - 13) + -1?
-5
Calculate -4 + -2 + (1 - 4) + 3.
-6
6 + -3 + -6 + (5 - 0)
2
Calculate 5 + (-2 - -4) + -8.
-1
Evaluate -6 + (2 - -5) + 3.
4
0 + -3 + 26 + -15
8
What is the value of 0 + 0 + -3 + -2?
-5
What is 0 + (3 - (-5 - -9))?
-1
What is 6 - ((-5 - -1) + 11)?
-1
-10 + 5 - -10 - 10
-5
Evaluate -3 - (-4 - (2 - 6)).
-3
(6 - -2) + -22 + 19 + 1
6
Calculate 3 - (4 + 6) - -12.
5
-1 + (-3 + 5 - 4) - -4
1
Evaluate 14 + -10 + -1 + -9.
-6
Evaluate 4 - (-8 + 11 + 0 + 0).
1
What is the value of 10 - (6 - (-12 - -7))?
-1
What is the value of -1 - (2 - (7 + -3))?
1
What is (6 + -1 - 1) + -2?
2
Calculate (-2 - (-4 + (0 - -6))) + 5.
1
What is the value of 2 + (10 - 5) + (1 - 11)?
-3
Calculate (6 - 8) + (7 - 8).
-3
7 + (-2 - (11 - 2))
-4
Calculate -26 + 13 + 8 + 3.
-2
What is (-4 - 3 - -1) + 11?
5
What is 0 + -3 - (-34 + 33)?
-2
Evaluate -7 - (-4 + 3 - 1).
-5
Evaluate -2 + (6 - (10 + -6)) + -6.
-6
What is the value of -2 - (2 - (-5 + 3))?
-6
Calculate 9 - (1 + 3) - 2.
3
Evaluate -4 - -1 - (7 + -7).
-3
Evaluate (1 - 4) + -6 + 2 - -3.
-4
What is 5 + (-1 - -1) + 4 + -2?
7
What is the value of (-6 - -7 - 2) + (2 - 5)?
-4
Evaluate 0 + 2 + (-8 - (-2 + -4)).
0
Calculate (6 - (7 - 6)) + -14.
-9
Evaluate 0 + -2 + (-4 - (-3 + -5)).
2
(7 - 1) + (0 - 4) + 0
2
What is the value of 0 - (2 - 0) - -1 - -1?
0
What is the value of 2 + 0 + (0 - 7) + 2?
-3
Evaluate 3 + -5 + 3 + 4 + -6.
-1
What is the value of 5 - 5 - (1 + 2)?
-3
Calculate (-5 - (-4 - -3) - -2) + -1.
-3
What is the value of 4 - (7 + (3 - 5))?
-1
What is (2 - (0 + 0)) + 33 + -36?
-1
What is 10 + -10 - (3 + 0)?
-3
Calculate 3 + 1 + 4 + 2 + -5.
5
Evaluate -14 + 5 + (0 - -2) - -2.
-5
Calculate 8 + 0 - (11 - -4).
-7
Calculate 1 + (-10 - (-3 + -5)).
-1
What is the value of -18 - (-26 + -4 + 16)?
-4
What is 11 - 21 - 1 - -6?
-5
Evaluate 2 + 0 - 2 - (-8 - -5).
3
What is 1 + -7 + 5 + (-6 - 1)?
-8
(-6 - -5 - -2) + -8 - -5
-2
What is -1 + -1 - (-28 + 30)?
-4
What is the value of 3 + -6 + -1 + 0?
-4
What is the value of (0 - -1) + -4 - -1?
-2
Evaluate (14 - 1) + 1 + -8.
6
What is 6 + -3 + -13 + 4 + 7?
1
What is the value of -18 - -20 - (0 - (2 + 0))?
4
Calculate -8 - -13 - (4 - -1).
0
What is 5 + -1 + (15 - 9)?
10
What is the value of (-9 - -14) + -14 + 14?
5
Evaluate 1 - (4 + 4) - (-3 - 4).
0
(-8 + -1 - -7) + -1 + 2
-1
-4 - (-1 - (3 - 3))
-3
What is the value of 2 + (-3 - -1) + -4 - 0?
-4
Evaluate -2 - -6 - 4 - (-1 + 5).
-4
What is -4 + (9 + 4 + -7 - -4)?
6
What is 12 - 6 - 11 - -10?
5
What is 2 - (7 + -10 + 8 + 2)?
-5
Evaluate (-7 + 6 - 2) + -3 + 0.
-6
What is (7 - -1) + 1 - (124 + -117)?
2
Calculate -2 + 0 + -1 + 12 + -6.
3
Calculate 2 + -1 - 3 - (22 + -19).
-5
-1 - (-3 - (-2 - 3))
-3
What is the value of 1 + -1 + -7 + 3 - -3?
-1
What is the value of -4 + -2 + 7 + -3?
-2
Evaluate 2 - ((-8 - -9) + 8 + -2).
-5
Calculate 5 + 1 - (-1 - -2).
5
What is -5 + 2 + (-9 - -13)?
1
Calculate -4 - (-4 + 4 - 3).
-1
What is the value of ((-7 - -8) + -1 - 6) + 9?
3
Calculate (2 - 0) + -11 + 14.
5
Calculate -3 - (-3 + (-6 - -4)).
2
What is the value of -2 - (-1 - (-2 + 5) - -3)?
-1
Calculate -6 + -9 + 12 + 2 + -1.
-2
What is the value of ((5 - 0) + -5 - 3) + 8?
5
Calculate (3 + -4 + -2 - -10) + -2.
5
Evaluate -2 + (-1 - 3) + (-7 - -8).
-5
What is 6 - 1 - (17 - 14)?
2
What is the value of 96 + -87 + 1 + -3?
7
What is the value of 6 + 13 + -5 + -16?
-2
1 + -4 - (-6 - -4)
-1
4 - (-1 - 0) - (2 - -6)
-3
Evaluate 2 - (1 + -4 + 4) - 0.
1
What is the value of -14 - (-2 + 9 + -20)?
-1
What is the value of 8 - (4 + 4) - 4?
-4
What is (4 - -2) + -4 - (3 - -1)?
-2
What is 3 + -9 + 7 - 2?
-1
23 + -24 + (1 - 0)
0
What is 5 + -3 + (-17 - -18)?
3
Calculate -2 - (13 + -8 + -5).
-2
Calculate 5 + -3 - 5 - (3 - 12).
6
Evaluate (6 - 2) + (0 - 0).
4
-4 + (4 + -7 - -6)
-1
Calculate (0 - 2) + 4 + 2 + -2.
2
2 - 9 - (-1 - 2)
-4
What is -24 + 28 + -2 + 0 - 0?
2
What is the value of -2 - (-2 - -1) - (-82 + 79)?
2
What is -1 - (-4 + 8 - 7 - 3)?
5
What is the value of 0 + (0 - -3) + -5 + 7?
5
Evaluate 4 + -9 + 6 - 6.
-5
1 + 4 + 2 + -2
5
(4 + -7 - -1) + 7
5
What is (1 - 1) + 3 - -1 - 3?
1
What is 29 - 22 - (4 - 1)?
4
Calculate 1 - ((-1 - 1) + 5).
-2
What is the value of 3 - (0 + 4 + 0)?
-1
What is the value of (-7 - (3 - 3)) + 4?
-3
What is the value of (-2 - -8 - 1) + (-2 - 11)?
-8
What is 8 + -2 - 9 - -1?
-2
Calculate 19 + -24 + (2 - (3 - 6)).
0
What is (-6 + 9 - -3) + -2?
4
What is the value of 0 + (7 - 6) - 9?
-8
What is (40 - 25 - (9 - 1)) + -1?
6
Calculate 1 + 2 - (2 - -2 - 3).
2
4 - 2 - -1 - (-8 + 4)
7
What is 3 + (1 - (-4 + 4)) + -8?
-4
Evaluate (18 - 14